{"id":406,"date":"2018-04-03T14:46:01","date_gmt":"2018-04-03T12:46:01","guid":{"rendered":"https:\/\/www.archetypes-co.fr\/?page_id=406"},"modified":"2020-12-28T11:46:20","modified_gmt":"2020-12-28T10:46:20","slug":"particuliers","status":"publish","type":"page","link":"https:\/\/www.archetypes-co.fr\/index.php\/particuliers\/","title":{"rendered":"Particuliers"},"content":{"rendered":"<p>[et_pb_section fb_built=\u00a0\u00bb1&Prime; _builder_version=\u00a0\u00bb3.0.106&Prime; background_image=\u00a0\u00bbhttps:\/\/www.archetypes-co.fr\/wp-content\/uploads\/2018\/12\/Archetype-noir-et-blanc-min.jpg\u00a0\u00bb parallax=\u00a0\u00bbon\u00a0\u00bb custom_padding=\u00a0\u00bb0|0px|0|0px\u00a0\u00bb][et_pb_row custom_padding=\u00a0\u00bb26px|0px|26.9688px|0px\u00a0\u00bb _builder_version=\u00a0\u00bb3.0.106&Prime;][et_pb_column type=\u00a0\u00bb4_4&Prime; _builder_version=\u00a0\u00bb3.0.106&Prime; parallax=\u00a0\u00bboff\u00a0\u00bb parallax_method=\u00a0\u00bbon\u00a0\u00bb][et_pb_text _builder_version=\u00a0\u00bb3.0.106&Prime; inline_fonts=\u00a0\u00bbCatamaran\u00a0\u00bb]<\/p>\n<p style=\"text-align: center;\"><span style=\"font-weight: normal; color: #b70b3e; font-size: x-large;\">ARCHETYPES&amp;CO vous propose des s\u00e9ances de coaching individuelles et des ateliers collectifs.<\/span><\/p>\n<p style=\"text-align: center;\"><span style=\"font-weight: normal; color: #b70b3e; font-size: x-large;\"> Au coeur du Vivant, dans le Marais Audomarois, venez exp\u00e9rimenter connexion \u00e0 soi ,cr\u00e9ativit\u00e9 collective et d\u00e9veloppement personnel.<\/span><\/p>\n<p>[\/et_pb_text][\/et_pb_column][\/et_pb_row][\/et_pb_section][et_pb_section fb_built=\u00a0\u00bb1&Prime; _builder_version=\u00a0\u00bb3.0.106&Prime; custom_padding=\u00a0\u00bb0|0px|53.95px|0px\u00a0\u00bb][et_pb_row custom_padding=\u00a0\u00bb0|0px|0px|0px\u00a0\u00bb _builder_version=\u00a0\u00bb3.0.106&Prime; background_image=\u00a0\u00bbhttps:\/\/www.archetypes-co.fr\/wp-content\/uploads\/2018\/12\/Archetype-noir-et-blanc-min.jpg\u00a0\u00bb background_size=\u00a0\u00bbinitial\u00a0\u00bb background_position=\u00a0\u00bbtop_left\u00a0\u00bb background_repeat=\u00a0\u00bbrepeat\u00a0\u00bb][et_pb_column type=\u00a0\u00bb4_4&Prime; _builder_version=\u00a0\u00bb3.0.106&Prime; parallax=\u00a0\u00bboff\u00a0\u00bb parallax_method=\u00a0\u00bbon\u00a0\u00bb][et_pb_text _builder_version=\u00a0\u00bb3.0.106&Prime; text_font=\u00a0\u00bbABeeZee||||||||\u00a0\u00bb text_orientation=\u00a0\u00bbjustified\u00a0\u00bb][\/et_pb_text][\/et_pb_column][\/et_pb_row][et_pb_row custom_padding=\u00a0\u00bb0|0px|26.9688px|0px\u00a0\u00bb _builder_version=\u00a0\u00bb3.0.106&Prime; background_size=\u00a0\u00bbinitial\u00a0\u00bb background_position=\u00a0\u00bbtop_left\u00a0\u00bb background_repeat=\u00a0\u00bbrepeat\u00a0\u00bb][et_pb_column type=\u00a0\u00bb1_2&Prime; _builder_version=\u00a0\u00bb3.0.106&Prime; parallax=\u00a0\u00bboff\u00a0\u00bb parallax_method=\u00a0\u00bbon\u00a0\u00bb][et_pb_image src=\u00a0\u00bbhttps:\/\/www.archetypes-co.fr\/wp-content\/uploads\/2019\/02\/accompagnement-du-changement-min.jpg\u00a0\u00bb _builder_version=\u00a0\u00bb3.0.106&Prime; custom_padding=\u00a0\u00bb80px|||\u00a0\u00bb][\/et_pb_image][\/et_pb_column][et_pb_column type=\u00a0\u00bb1_2&Prime; _builder_version=\u00a0\u00bb3.0.106&Prime; parallax=\u00a0\u00bboff\u00a0\u00bb parallax_method=\u00a0\u00bbon\u00a0\u00bb][et_pb_text _builder_version=\u00a0\u00bb3.0.106&Prime; text_font=\u00a0\u00bbAdvent Pro||||||||\u00a0\u00bb text_font_size=\u00a0\u00bb21px\u00a0\u00bb text_text_color=\u00a0\u00bb#680091&Prime; link_font=\u00a0\u00bb||||||||\u00a0\u00bb ul_font=\u00a0\u00bb||||||||\u00a0\u00bb ol_font=\u00a0\u00bb||||||||\u00a0\u00bb quote_font=\u00a0\u00bb||||||||\u00a0\u00bb header_font=\u00a0\u00bb||||on||||\u00a0\u00bb border_color_all=\u00a0\u00bb#680091&Prime; custom_padding=\u00a0\u00bb60px|||\u00a0\u00bb inline_fonts=\u00a0\u00bbAbel,Catamaran\u00a0\u00bb]<\/p>\n<p style=\"text-align: left;\"><strong>Coaching de performance ou coaching de vie : clarifier son ressenti int\u00e9rieur pour agir de<\/strong><strong> fa\u00e7on<\/strong><strong> plus juste \u00e0 l&rsquo;ext\u00e9rieur<\/strong><\/p>\n<p align=\"JUSTIFY\">Le coaching prend la forme d&rsquo;une s\u00e9rie d&rsquo;entretiens individuels dont le but est de vous aider \u00e0 atteindre vos ambitions et \u00e0 enrichir votre vie personnelle ou professionnelle .<\/p>\n<p align=\"JUSTIFY\">C&rsquo;est une d\u00e9marche qui s&rsquo;\u00e9tale sur 3 \u00e0 6 mois, \u00e0 raison de s\u00e9ances r\u00e9guli\u00e8res d&rsquo;une heure trente \u00e0 deux heures, selon votre disponibilit\u00e9 et les objectifs formalis\u00e9s en d\u00e9but de d\u00e9marche.<\/p>\n<p align=\"JUSTIFY\"><span style=\"font-size: 21px; text-align: left;\">En <span style=\"font-family: Abel; font-weight: normal;\">s\u00e9ance <\/span>de coaching, ARCHETYPES&amp;CO aborde, par une <span style=\"font-family: Abel; font-weight: normal;\">approche<\/span> syst\u00e9mique et \u00e9nerg\u00e9tique, toutes questions li\u00e9es \u00e0 la personne, aux relations et \u00e0 l&rsquo;environnement du coach\u00e9.<\/span><\/p>\n<p style=\"text-align: left;\">\n<p>[\/et_pb_text][\/et_pb_column][\/et_pb_row][et_pb_row custom_padding=\u00a0\u00bb0|0px|26.9688px|0px\u00a0\u00bb _builder_version=\u00a0\u00bb3.0.106&Prime; background_size=\u00a0\u00bbinitial\u00a0\u00bb background_position=\u00a0\u00bbtop_left\u00a0\u00bb background_repeat=\u00a0\u00bbrepeat\u00a0\u00bb][et_pb_column type=\u00a0\u00bb1_2&Prime; _builder_version=\u00a0\u00bb3.0.106&Prime; parallax=\u00a0\u00bboff\u00a0\u00bb parallax_method=\u00a0\u00bbon\u00a0\u00bb][et_pb_text _builder_version=\u00a0\u00bb3.0.106&Prime; text_font=\u00a0\u00bbAdvent Pro||||||||\u00a0\u00bb text_font_size=\u00a0\u00bb21px\u00a0\u00bb text_text_color=\u00a0\u00bb#680091&Prime; link_font=\u00a0\u00bb||||||||\u00a0\u00bb ul_font=\u00a0\u00bb||||||||\u00a0\u00bb ol_font=\u00a0\u00bb||||||||\u00a0\u00bb quote_font=\u00a0\u00bb||||||||\u00a0\u00bb custom_padding=\u00a0\u00bb60px|||\u00a0\u00bb inline_fonts=\u00a0\u00bbCatamaran\u00a0\u00bb]<\/p>\n<p style=\"text-align: left;\"><b>Ateliers d\u00e9veloppement personnels,\u00a0 reconversion professionnelle et orientation<\/b><\/p>\n<p style=\"text-align: justify;\"><span style=\"font-family: Catamaran; font-weight: normal;\">Nous vous proposons \u00e0 la demande des ateliers MBTI, des ateliers enn\u00e9agramme ou encore des ateliers visant \u00e0 harmoniser la gestions des \u00e9motions .<\/span><\/p>\n<p style=\"text-align: justify;\"><span style=\"font-family: Catamaran; font-weight: normal;\">Nous organisons \u00e0 chaque changement de saison des ateliers orientation et r\u00e9orientation professionnelle . S&rsquo;accorder\u00a0 ce temps de respiration , c&rsquo;est prendre soin de soi et anticiper les changements inh\u00e9rents \u00e0 la vie ! <\/span><\/p>\n<p style=\"text-align: justify;\"><span style=\"font-size: 21px; font-family: Catamaran; font-weight: normal;\">Enfin, nous organisons ponctuellement avec nos partenaires des ateliers visant\u00a0 \u00e0 d\u00e9velopper le bien-\u00eatre et l&rsquo;introspection ( yoga, lithoth\u00e9rapie, m\u00e9ditation pleine conscience, sophrologie, r\u00e9flexologie &#8230;).<\/span><\/p>\n<p>[\/et_pb_text][\/et_pb_column][et_pb_column type=\u00a0\u00bb1_2&Prime; _builder_version=\u00a0\u00bb3.0.106&Prime; parallax=\u00a0\u00bboff\u00a0\u00bb parallax_method=\u00a0\u00bbon\u00a0\u00bb][et_pb_image src=\u00a0\u00bbhttps:\/\/www.archetypes-co.fr\/wp-content\/uploads\/2019\/02\/8-Atelier-de-d\u00c3\u00a9veloppement-personnel-min_opt-1.jpg\u00a0\u00bb _builder_version=\u00a0\u00bb3.0.106&Prime; custom_padding=\u00a0\u00bb120px|||\u00a0\u00bb][\/et_pb_image][\/et_pb_column][\/et_pb_row][et_pb_row _builder_version=\u00a0\u00bb3.0.106&Prime;][et_pb_column type=\u00a0\u00bb1_2&Prime; _builder_version=\u00a0\u00bb3.0.106&Prime; parallax=\u00a0\u00bboff\u00a0\u00bb parallax_method=\u00a0\u00bbon\u00a0\u00bb][et_pb_image _builder_version=\u00a0\u00bb3.0.106&Prime;][\/et_pb_image][et_pb_text _builder_version=\u00a0\u00bb3.0.106&Prime; inline_fonts=\u00a0\u00bbCatamaran\u00a0\u00bb]<span style=\"color: #680091; font-size: x-large;\"><b style=\"font-family: Abel;\">Atelier de cod\u00e9veloppement au f\u00e9minin<\/b><\/span><\/p>\n<p style=\"text-align: justify;\"><span style=\"font-size: x-large; font-family: Catamaran;\"><span style=\"color: #680091;\">Vous \u00eates une femme et vous souhaitez prendre en main votre d\u00e9veloppement professionnel : vous aimeriez \u00e9changer avec d&rsquo;autres femmes sur ce th\u00e8me pour progresser ensemble .<\/span><\/span><\/p>\n<p style=\"text-align: justify;\"><span style=\"font-size: x-large; font-family: Catamaran;\"><span style=\"color: #680091;\">A partir de septembre , ARCHETYPES&amp;CO met en place un groupe de cod\u00e9veloppement professionnel \u00e0 l&rsquo;intention des femmes.\u00a0<\/span><\/span><\/p>\n<p><span style=\"font-size: x-large; font-family: Catamaran;\"><span style=\"color: #680091;\">Vous \u00eates int\u00e9ress\u00e9es, prenez contact avec nous !<\/span><\/span>[\/et_pb_text][\/et_pb_column][et_pb_column type=\u00a0\u00bb1_2&Prime; _builder_version=\u00a0\u00bb3.0.106&Prime; parallax=\u00a0\u00bboff\u00a0\u00bb parallax_method=\u00a0\u00bbon\u00a0\u00bb][et_pb_image src=\u00a0\u00bbhttps:\/\/www.archetypes-co.fr\/wp-content\/uploads\/2019\/02\/9-cod\u00c3\u00a9veloppement-f\u00c3\u00a9minin-min_opt-1.jpg\u00a0\u00bb _builder_version=\u00a0\u00bb3.0.106&Prime;][\/et_pb_image][\/et_pb_column][\/et_pb_row][et_pb_row _builder_version=\u00a0\u00bb3.0.106&Prime; background_size=\u00a0\u00bbinitial\u00a0\u00bb background_position=\u00a0\u00bbtop_left\u00a0\u00bb background_repeat=\u00a0\u00bbrepeat\u00a0\u00bb][et_pb_column type=\u00a0\u00bb1_2&Prime; _builder_version=\u00a0\u00bb3.0.106&Prime; parallax=\u00a0\u00bboff\u00a0\u00bb parallax_method=\u00a0\u00bbon\u00a0\u00bb][et_pb_image src=\u00a0\u00bbhttps:\/\/www.archetypes-co.fr\/wp-content\/uploads\/2019\/02\/10-pr\u00c3\u00a9parer-sa-retraite-min-1_opt-1.jpg\u00a0\u00bb _builder_version=\u00a0\u00bb3.0.106&Prime; border_radii=\u00a0\u00bb||||\u00a0\u00bb border_style_all=\u00a0\u00bbnone\u00a0\u00bb custom_padding=\u00a0\u00bb120px|||\u00a0\u00bb][\/et_pb_image][\/et_pb_column][et_pb_column type=\u00a0\u00bb1_2&Prime; _builder_version=\u00a0\u00bb3.0.106&Prime; parallax=\u00a0\u00bboff\u00a0\u00bb parallax_method=\u00a0\u00bbon\u00a0\u00bb][et_pb_text _builder_version=\u00a0\u00bb3.0.106&Prime; text_font=\u00a0\u00bbAdvent Pro||||||||\u00a0\u00bb text_font_size=\u00a0\u00bb21px\u00a0\u00bb text_text_color=\u00a0\u00bb#680091&Prime; link_font=\u00a0\u00bb||||||||\u00a0\u00bb ul_font=\u00a0\u00bb||||||||\u00a0\u00bb ol_font=\u00a0\u00bb||||||||\u00a0\u00bb quote_font=\u00a0\u00bb||||||||\u00a0\u00bb custom_padding=\u00a0\u00bb60px|||\u00a0\u00bb inline_fonts=\u00a0\u00bbAbel,ABeeZee,Catamaran\u00a0\u00bb]<\/p>\n<p style=\"text-align: left;\"><span style=\"font-size: 21px; font-family: ABeeZee; font-weight: normal;\"><b>Atelier pr\u00e9paration<strong> retraite\u00a0<\/strong><\/b><\/span><\/p>\n<p align=\"JUSTIFY\"><span style=\"font-family: Catamaran;\">Moment attendu par certains et redout\u00e9 par d&rsquo;autres, la retraite gagne \u00e0 \u00eatre pr\u00e9par\u00e9e quelques mois \u00e0 l&rsquo;avance, id\u00e9alement une ou deux ann\u00e9es auparavant.<\/span><\/p>\n<p align=\"JUSTIFY\"><span style=\"font-family: Catamaran;\">ARCHETYPES&amp;CO propose 2 fois par an ( et \u00e0 la demande en intra-entreprises) une journ\u00e9e d\u00e9di\u00e9e \u00e0 la pr\u00e9paration de cette transition de vie , en petits groupes de 6 \u00e0 8 personnes.<\/span><\/p>\n<p align=\"JUSTIFY\">\n<p>[\/et_pb_text][\/et_pb_column][\/et_pb_row][\/et_pb_section][et_pb_section fb_built=\u00a0\u00bb1&Prime; _builder_version=\u00a0\u00bb3.0.106&Prime; custom_padding=\u00a0\u00bb0|0px|0|0px\u00a0\u00bb][et_pb_row make_fullwidth=\u00a0\u00bbon\u00a0\u00bb _builder_version=\u00a0\u00bb3.0.106&Prime; module_alignment=\u00a0\u00bbcenter\u00a0\u00bb][et_pb_column type=\u00a0\u00bb1_2&Prime; _builder_version=\u00a0\u00bb3.0.106&Prime; parallax=\u00a0\u00bboff\u00a0\u00bb parallax_method=\u00a0\u00bbon\u00a0\u00bb][et_pb_text _builder_version=\u00a0\u00bb3.0.106&Prime; text_font=\u00a0\u00bbABeeZee||||||||\u00a0\u00bb text_text_color=\u00a0\u00bb#680091&Prime;]Copyright Laetitia Degrugillier 2019, tous droit r\u00e9serv\u00e9s[\/et_pb_text][\/et_pb_column][et_pb_column type=\u00a0\u00bb1_2&Prime; _builder_version=\u00a0\u00bb3.0.106&Prime; parallax=\u00a0\u00bboff\u00a0\u00bb parallax_method=\u00a0\u00bbon\u00a0\u00bb][et_pb_text _builder_version=\u00a0\u00bb3.0.106&Prime; text_font=\u00a0\u00bbABeeZee||||||||\u00a0\u00bb text_font_size=\u00a0\u00bb15px\u00a0\u00bb text_text_color=\u00a0\u00bb#680091&Prime; text_letter_spacing=\u00a0\u00bb1px\u00a0\u00bb text_line_height=\u00a0\u00bb1em\u00a0\u00bb header_font=\u00a0\u00bb|300|||||||\u00a0\u00bb text_orientation=\u00a0\u00bbjustified\u00a0\u00bb custom_margin=\u00a0\u00bb||0px|\u00a0\u00bb custom_padding=\u00a0\u00bb||0px|\u00a0\u00bb][\/et_pb_text][\/et_pb_column][\/et_pb_row][\/et_pb_section]<\/p>\n","protected":false},"excerpt":{"rendered":"<p>[et_pb_section fb_built=\u00a0\u00bb1&Prime; _builder_version=\u00a0\u00bb3.0.106&Prime; background_image=\u00a0\u00bbhttps:\/\/www.archetypes-co.fr\/wp-content\/uploads\/2018\/12\/Archetype-noir-et-blanc-min.jpg\u00a0\u00bb parallax=\u00a0\u00bbon\u00a0\u00bb custom_padding=\u00a0\u00bb0|0px|0|0px\u00a0\u00bb][et_pb_row custom_padding=\u00a0\u00bb26px|0px|26.9688px|0px\u00a0\u00bb _builder_version=\u00a0\u00bb3.0.106&Prime;][et_pb_column type=\u00a0\u00bb4_4&Prime; _builder_version=\u00a0\u00bb3.0.106&Prime; parallax=\u00a0\u00bboff\u00a0\u00bb parallax_method=\u00a0\u00bbon\u00a0\u00bb][et_pb_text _builder_version=\u00a0\u00bb3.0.106&Prime; inline_fonts=\u00a0\u00bbCatamaran\u00a0\u00bb] ARCHETYPES&amp;CO vous propose des s\u00e9ances de coaching individuelles et des ateliers collectifs. Au coeur du Vivant, dans le Marais Audomarois, venez exp\u00e9rimenter connexion \u00e0 soi ,cr\u00e9ativit\u00e9 collective et d\u00e9veloppement personnel. [\/et_pb_text][\/et_pb_column][\/et_pb_row][\/et_pb_section][et_pb_section fb_built=\u00a0\u00bb1&Prime; _builder_version=\u00a0\u00bb3.0.106&Prime; custom_padding=\u00a0\u00bb0|0px|53.95px|0px\u00a0\u00bb][et_pb_row custom_padding=\u00a0\u00bb0|0px|0px|0px\u00a0\u00bb _builder_version=\u00a0\u00bb3.0.106&Prime; background_image=\u00a0\u00bbhttps:\/\/www.archetypes-co.fr\/wp-content\/uploads\/2018\/12\/Archetype-noir-et-blanc-min.jpg\u00a0\u00bb background_size=\u00a0\u00bbinitial\u00a0\u00bb background_position=\u00a0\u00bbtop_left\u00a0\u00bb background_repeat=\u00a0\u00bbrepeat\u00a0\u00bb][et_pb_column type=\u00a0\u00bb4_4&Prime; [&hellip;]<\/p>\n","protected":false},"author":2,"featured_media":0,"parent":0,"menu_order":0,"comment_status":"closed","ping_status":"closed","template":"","meta":[],"_links":{"self":[{"href":"https:\/\/www.archetypes-co.fr\/index.php\/wp-json\/wp\/v2\/pages\/406"}],"collection":[{"href":"https:\/\/www.archetypes-co.fr\/index.php\/wp-json\/wp\/v2\/pages"}],"about":[{"href":"https:\/\/www.archetypes-co.fr\/index.php\/wp-json\/wp\/v2\/types\/page"}],"author":[{"embeddable":true,"href":"https:\/\/www.archetypes-co.fr\/index.php\/wp-json\/wp\/v2\/users\/2"}],"replies":[{"embeddable":true,"href":"https:\/\/www.archetypes-co.fr\/index.php\/wp-json\/wp\/v2\/comments?post=406"}],"version-history":[{"count":27,"href":"https:\/\/www.archetypes-co.fr\/index.php\/wp-json\/wp\/v2\/pages\/406\/revisions"}],"predecessor-version":[{"id":994,"href":"https:\/\/www.archetypes-co.fr\/index.php\/wp-json\/wp\/v2\/pages\/406\/revisions\/994"}],"wp:attachment":[{"href":"https:\/\/www.archetypes-co.fr\/index.php\/wp-json\/wp\/v2\/media?parent=406"}],"curies":[{"name":"wp","href":"https:\/\/api.w.org\/{rel}","templated":true}]}}